**4/2 - 5*v**3/6 - 301*v**2. Determine r(-13).
8
Let x(k) be the third derivative of 0 + 1/3*k**4 + k**3 + 1/60*k**5 + 30*k**2 + 0*k. What is x(-7)?
-1
Let c(q) = -3*q - 11 + 4*q + 3 + 12. Let x(p) = 5*p**2 + p + 2. Let j be x(2). Let r = 18 - j. Give c(r).
-2
Let b be 4 + (-5)/5 + 4. Let r(u) = -3 - 1 + 3 - b*u. Give r(-1).
6
Let a(b) = -b**2 - 3*b - 2. Let v(j) = -6*j + 9. Let r be v(4). Let l be (18/r)/((-2)/5). Suppose -l*d - 19 = 2*t, -4*t - 15 = d + 8. What is a(t)?
-12
Suppose -5*v + 0 + 1 = -c, -4*v + 116 = 4*c. Let w(p) = -25*p + c*p + 3 + 8. What is w(8)?
3
Let a(p) = -p**2 - 4*p + 56. Let r be a(6). Let q(x) = -2*x**2 - 6*x - 7. Give q(r).
-15
Suppose -3*m = -j - 4, -2*j + 4*j = -8. Suppose -2*p + 2*v + 8 = -m*v, 0 = v + 3. Let w(r) = -6*r**2 - r**3 + 8 + 7*r - 5*r - p. What is w(-6)?
-5
Let y(l) = l**2 + 4. Let q = -9 + 13. Suppose -7*u + q*u = 0. Give y(u).
4
Suppose -3*p + 11 + 14 = 5*v, p - 3*v = -15. Let o(c) = -6*c. Calculate o(p).
0
Let s(o) be the second derivative of o**3/6 + 5*o**2/2 + 12*o. Suppose -5*w + 19 + 6 = 0. Suppose w*y + 1 = 21. Give s(y).
9
Let o(x) be the third derivative of x**5/30 + x**4/12 + x**3/6 - x**2. Suppose 5*d + 8 = 7*d. Let n(a) = -3*a + 11. Let t be n(d). Determine o(t).
1
Suppose 5*b + 2*d = 4*d + 9, 4*b = 2*d + 6. Let y be -3*(b - (-33)/(-9)). Suppose 3*t = o, -o = -y*t + o. Let s(h) = h**3 + 1. Calculate s(t).
1
Suppose 4*t - f - 3 = 73, 3*f = -4*t + 60. Let q be 9/(-18) - t/(-4). Let c(p) = -p**2 + 4*p + 3. Determine c(q).
3
Let p(s) = -s**3 - 3*s**2 + 4*s - 1. Suppose -12 = -111*d + 114*d. What is p(d)?
-1
Suppose -4*l = -3*u - 177, -2*l + 4*l = -3*u + 93. Let t be 9/l - (-72)/(-10). Let s(o) be the first derivative of -o**3/3 - 7*o**2/2 + 2*o + 1. Give s(t).
2
Let w(g) = 3*g + 42. Let n(p) = p + 14. Suppose 21 = 5*f + 6. Let v(z) = f*w(z) - 8*n(z). What is v(-8)?
6
Let y(w) be the first derivative of w**4/4 - 7*w**3/3 + 2*w**2 + 5*w + 7. Suppose -2*p + 7 = -5. Determine y(p).
-7
Let r(j) = -j + 1. Let y be ((-24)/30)/((-4)/10). Let c = 4 - y. Suppose 0 = c*g + 5 + 1. Give r(g).
4
Let p be ((-96)/64)/((18/(-28))/(-3)). Let u(f) = -f**3 - 8*f**2 - 8*f + 3. Calculate u(p).
10
Suppose 56*c + 120 = 16*c. Let g(m) = 3*m + 3. Let u(n) = 2*n + 1. Let v(o) = -o - 1. Let s(p) = -u(p) + 3*v(p). Let f(i) = 8*g(i) + 5*s(i). Calculate f(c).
7
Let n be ((-126)/12 - -8)*12/(-5). Let s(d) = -d**2 + 8*d - 6. Give s(n).
6
Let v be ((-1)/(-2))/(8/96). Let i(k) = k - 3. Determine i(v).
3
Let f be (4/(-12))/(-1 - 68/(-72)). Let p(z) = 6*z**3 - z**2 + 3*z - 4. Let t(c) = -5*c**3 - 2*c + 4. Let w(x) = f*p(x) + 7*t(x). Let u = 5 - 0. Calculate w(u).
-1
Let x(n) = n. Let b(i) = 113 - 2*i - 110 + i - 2*i. Let y(g) = -b(g) - 4*x(g). Calculate y(7).
-10
Let w(t) = -1 - t + 0 + 3*t. Let i = -1139 - -1145. Give w(i).
11
Let y = 1260 + -1249. Let o(m) = m**3 - 11*m**2 + 5. What is o(y)?
5
Let u(q) = -q**2 - 3*q - 6. Let f(v) be the third derivative of v**5/60 + v**4/8 + 5*v**3/6 + 25*v**2. Let m(r) = 4*f(r) + 3*u(r). Determine m(-5).
12
Let f(m) = m**3 - 8*m**2 + 2*m - 3. Let r = 848 + -840. Give f(r).
13
Let z(f) = 13*f**2 - f + 1. Let k(v) = 1. Let b(g) = -g + 5. Let a be b(7). Let s = a - -1. Let d(n) = s*k(n) + z(n). Calculate d(-1).
14
Let d(r) = 4*r**3 + 9*r**2 - 7*r - 4. Let c(i) = -7*i**3 - 17*i**2 + 15*i + 8. Let a(s) = -3*c(s) - 5*d(s). Determine a(-7).
17
Let t be (-1)/(-1)*(-2)/2. Let u(i) be the first derivative of -i**4/2 - 358. Calculate u(t).
2
Let c(a) = 2 - 4 - 375*a + 1 + 374*a. What is c(9)?
-10
Let n(k) be the third derivative of k**6/120 - 7*k**5/60 + k**4/6 - 3*k**3/2 + 5*k**2 - 11. What is n(7)?
19
Let x(s) = 6 + s**3 + 1029*s**2 - 2*s - 1023*s**2 + 6*s. Calculate x(-6).
-18
Suppose -5*i = -5 - 5. Let m(f) = -f - 6. Let l be m(-3). Let d = l - i. Let k(p) = p + 2. What is k(d)?
-3
Suppose -3*r + 4*f = -7*r + 20, 2*r - 4*f - 10 = 0. Let x(b) = -2*b + 3*b + 0 + 0*b - 7. What is x(r)?
-2
Suppose 0 = -t - t + 4*h + 18, -2*h = -4*t + 18. Let q(r) be the first derivative of 2 + r**2 - 3 + 3*r + 3 - t*r**2. Give q(2).
-5
Let y(w) be the second derivative of 0 - w**3 - 3*w**2 + 1/12*w**4 - 10*w. Calculate y(6).
-6
Let h(b) = -4*b + 1. Let k = -138 - -142. Let g = 3 - k. Calculate h(g).
5
Let i(h) = 2*h**2 + 40*h - 4. Let p be i(-20). Let k(v) be the second derivative of 1/6*v**3 + 1/2*v**2 + 5*v + 0. Calculate k(p).
-3
Let n be (-2)/2*(-1 - -1). Let c(p) = -p**2 - p - 1. Let a(t) = 3*t**2 + 3*t - 2. Let s(f) = a(f) + 2*c(f). Calculate s(n).
-4
Let o(y) be the third derivative of y**6/120 + y**5/60 + y**4/8 - y**3/6 - 337*y**2 + 1. What is o(2)?
17
Let o(l) = -7*l**2 - 2*l - 1. Let i(y) = -36*y - 181. Let x be i(-5). Calculate o(x).
-6
Suppose -4*o = -4*b - 12, -3*b + 7*b - 6 = -5*o. Let r(x) = -3*x**2 + 2*x. Calculate r(b).
-5
Let b(y) = -11*y**2 + 3 + 0*y**2 + 0 + 10*y + 0 + 10*y**2. Calculate b(5).
28
Let d(u) = -11*u**3 + u**2 - u + 1. Let p(o) = 6*o**2 - 82*o - 27. Let m be p(14). Determine d(m).
-10
Let j(s) = -s**2 + 5*s + 1. Let g(h) be the first derivative of -h**4/4 - h**3/3 + 5*h + 27. Let y be g(0). Give j(y).
1
Let y(p) = 59*p - 4 + 56*p - 117*p. Determine y(3).
-10
Let u(n) = -n**3 + 17*n**2 + 19*n - 13. Let r be u(18). Let z(v) = -r*v**2 + v**3 + 8*v**2 - v + 3 + v**2. Determine z(-4).
7
Let j(k) be the second derivative of k**4/12 - k**3 - 2*k**2 - 14*k + 2. Determine j(7).
3
Let s(q) = 3*q - 4. Suppose 0 = -2*x + 16 - 8. What is s(x)?
8
Let q(c) = 0*c + 5255 - 5250 - 10*c + c**3 - 6*c**2. What is q(7)?
-16
Let z(r) = -31*r - 26. Let s(q) = 15*q + 15. Let d(a) = -7*s(a) - 4*z(a). Calculate d(-2).
-39
Suppose 4 = l + 3*l. Let q = l - -5. Let o(m) = -5*m - q + 0*m**2 + 0*m - m**2 + 1. Give o(-5).
-5
Let i(n) = 432 + 2*n + 5*n - 3*n - 428. Calculate i(5).
24
Let n(a) = -a + 24 + 14 - 10 + 8*a**2 - 7*a**2. What is n(0)?
28
Let f(p) be the first derivative of p**3/3 - 9*p**2/2 - 2*p - 74. Calculate f(10).
8
Suppose 70 = 2*o - o. Let g = 187 - o. Let h be (-150)/39 - 18/g. Let b(l) = l**3 + 4*l**2 + 2*l + 1. What is b(h)?
-7
Let o(l) = -l**3 + 8*l + 2. Let g be o(-3). Let h(r) = 15*r - 1 + 3 - g - 13*r. Let w = 3 - -2. Calculate h(w).
7
Let z(a) be the first derivative of -a**4/12 - 4*a**3/3 + 3*a**2 - 19*a - 32. Let n(x) be the first derivative of z(x). Calculate n(-8).
6
Let i(k) = k**3 - 15*k**2 + 13*k + 19. Let q be i(14). Suppose 5*t - 4*x - 9 - 12 = 0, 5*t - q*x = 25. Let j(h) = 3*h**3 + 2*h**2 - 2*h + 1. Give j(t).
4
Let k(m) be the second derivative of m**5/20 + m**4/2 - 4*m**3/3 + 3*m**2 + 655*m. What is k(-8)?
-58
Suppose p + 3 - 6 = 0. Let v = p - 1. Let w(m) be the first derivative of -m**3/3 + 2*m - 8. Determine w(v).
-2
Suppose -t = -3*t + 4. Let w(h) be the first derivative of -3*h**4/4 + h**3 - 20. Give w(t).
-12
Let y(a) = a**3 + 4*a**2 + 2*a - 1. Let f(u) = 3*u + 7. Let o(m) = -m**2 - 2*m - 3. Suppose k + 2*k = -6. Let p be o(k). Let i be f(p). Give y(i).
3
Let a(r) = 3*r**2 + 56*r - 86. Let u be a(-20). Let v(h) = 5*h + 21. Determine v(u).
-9
Let w(q) be the first derivative of q**5/120 - q**4/8 + 2*q**3/3 - 8. Let n(v) be the third derivative of w(v). Calculate n(2).
-1
Let c = -70 + 67. Let v(i) be the second derivative of -i**3/2 - i**2 + i. Calculate v(c).
7
Let d(p) be the second derivative of -7*p + 0 - 7/6*p**3 + 0*p**2 - 1/3*p**4 + 1/120*p**5. Let m(z) be the second derivative of d(z). Calculate m(0).
-8
Let q(t) = -2*t**2 - 38*t + 43. Let v be q(-20). Let z(d) = d - 4*d + 7*d - 1. Calculate z(v).
11
Let d(r) = -r - 3. Suppose 144 = 37*t - 13*t. Calculate d(t).
-9
Let c(n) be the second derivative of -2*n**3/3 - 28*n. Give c(3).
-12
Let w(u) = -u**2 - 4*u - 4. Let j(n) = -n**3 - 4*n**2 + 6*n - 1. Let r be j(-5). Let z be 2*(2 - (-63)/r). Let k = -22 - z. What is w(k)?
-9
Suppose -3*j + 5*h - 37 = 0, 22 = -j + 3*h + 3. Let r(k) = k**2 + 5*k + 6. Calculate r(j).
2
Let k be (-2)/(-4)*(-4 + 8). Let a(i) = 6*i**k - 3*i + 1 + 2 - 8*i**2 + 0. Determine a(2).
-11
Let j(l) = -l**3 - 8*l**2 + 5. Let x(d) = 2*d**3 + 9*d**2 - 6. Let i(c) = 3*j(c) + 2*x(c). Suppose -3*t - 5 + 27 = -q, t - 2 = -q. Calculate i(t).
3
Let s(w) = -w**2 - 6. Suppose 23 = 2*a - 33. Let h be 12/a + (-3)/(-21)*-3. Calculate s(h).
-6
Let t(o) be the third derivative of o**4/12 + 2*o**3/3 + 36*o**2. Let f b